{"id":122,"date":"2025-08-01T16:00:57","date_gmt":"2025-08-01T16:00:57","guid":{"rendered":"https:\/\/capazurmobilite.com\/?page_id=122"},"modified":"2025-08-24T14:19:36","modified_gmt":"2025-08-24T14:19:36","slug":"nos-missions","status":"publish","type":"page","link":"https:\/\/capazurmobilite.com\/?page_id=122","title":{"rendered":"Notre mission"},"content":{"rendered":"\t\t<div data-elementor-type=\"wp-page\" data-elementor-id=\"122\" class=\"elementor elementor-122\" data-elementor-post-type=\"page\">\n\t\t\t\t<div class=\"elementor-element elementor-element-ccf8502 e-flex e-con-boxed e-con e-parent\" data-id=\"ccf8502\" data-element_type=\"container\" data-e-type=\"container\">\n\t\t\t\t\t<div class=\"e-con-inner\">\n\t\t\t\t<div class=\"elementor-element elementor-element-7a43f2b elementor-widget elementor-widget-heading\" data-id=\"7a43f2b\" data-element_type=\"widget\" data-e-type=\"widget\" data-settings=\"{&quot;htmega_fe&quot;:&quot;no&quot;}\" data-widget_type=\"heading.default\">\n\t\t\t\t\t<h3 class=\"elementor-heading-title elementor-size-default\">Notre \u00e9quipe oeuvre pour s\u00e9lectionner un logement selon les crit\u00e8res du salari\u00e9 et s'assurer qu'il pourra rapidement s'int\u00e9grer dans son nouvel environnement.<\/h3>\t\t\t\t<\/div>\n\t\t\t\t\t<\/div>\n\t\t\t\t<\/div>\n\t\t<div class=\"elementor-element elementor-element-ba1b7f9 e-flex e-con-boxed e-con e-parent\" data-id=\"ba1b7f9\" data-element_type=\"container\" data-e-type=\"container\">\n\t\t\t\t\t<div class=\"e-con-inner\">\n\t\t\t\t<div class=\"elementor-element elementor-element-33d59b6 elementor-widget elementor-widget-spacer\" data-id=\"33d59b6\" data-element_type=\"widget\" data-e-type=\"widget\" data-settings=\"{&quot;htmega_fe&quot;:&quot;no&quot;}\" data-widget_type=\"spacer.default\">\n\t\t\t\t\t\t\t<div class=\"elementor-spacer\">\n\t\t\t<div class=\"elementor-spacer-inner\"><\/div>\n\t\t<\/div>\n\t\t\t\t\t\t<\/div>\n\t\t\t\t\t<\/div>\n\t\t\t\t<\/div>\n\t\t<div class=\"elementor-element elementor-element-e817ada e-flex e-con-boxed e-con e-parent\" data-id=\"e817ada\" data-element_type=\"container\" data-e-type=\"container\">\n\t\t\t\t\t<div class=\"e-con-inner\">\n\t\t<div class=\"elementor-element elementor-element-2f2c7a2 e-con-full e-flex e-con e-child\" data-id=\"2f2c7a2\" data-element_type=\"container\" data-e-type=\"container\">\n\t\t\t\t<div class=\"elementor-element elementor-element-e076394 elementor-widget elementor-widget-text-editor\" data-id=\"e076394\" data-element_type=\"widget\" data-e-type=\"widget\" data-settings=\"{&quot;htmega_fe&quot;:&quot;no&quot;}\" data-widget_type=\"text-editor.default\">\n\t\t\t\t\t\t\t\t\t<ul><li>Prise en charge adapt\u00e9e et personnalis\u00e9e\u00a0<\/li><li><!--StartFragment --><span class=\"cf0\">Pr\u00e9sentation de la r\u00e9gion et de la ville d\u2019accueil<\/span><!--EndFragment --><\/li><li>Constitution du dossier locataire<\/li><li>Recherche et s\u00e9lection des biens<\/li><li>Visite des biens s\u00e9lectionn\u00e9s : visio ou pr\u00e9sentiel<\/li><li>Pr\u00e9sentation et appui du dossier aupr\u00e8s du bailleur jusqu&#8217;\u00e0 validation\u00a0<\/li><\/ul>\t\t\t\t\t\t\t\t<\/div>\n\t\t\t\t<\/div>\n\t\t<div class=\"elementor-element elementor-element-88b4a49 e-con-full e-flex e-con e-child\" data-id=\"88b4a49\" data-element_type=\"container\" data-e-type=\"container\">\n\t\t\t\t<div class=\"elementor-element elementor-element-691729f elementor-widget elementor-widget-text-editor\" data-id=\"691729f\" data-element_type=\"widget\" data-e-type=\"widget\" data-settings=\"{&quot;htmega_fe&quot;:&quot;no&quot;}\" data-widget_type=\"text-editor.default\">\n\t\t\t\t\t\t\t\t\t<ul><li>Pr\u00e9sence \u00e0 la signature du bail<\/li><li>Pr\u00e9sence \u00e0 l&#8217;\u00e9tat des lieux<\/li><li>Assistance pour les d\u00e9marches (assurance, \u00e9lectricit\u00e9, gaz, service des eaux\u2026)<\/li><li>Autres services : \u00e9cole, permis de conduire, ouverture de compte bancaire&#8230;<\/li><\/ul>\t\t\t\t\t\t\t\t<\/div>\n\t\t\t\t<\/div>\n\t\t\t\t\t<\/div>\n\t\t\t\t<\/div>\n\t\t<div class=\"elementor-element elementor-element-0e95e33 e-flex e-con-boxed e-con e-parent\" data-id=\"0e95e33\" data-element_type=\"container\" data-e-type=\"container\">\n\t\t\t\t\t<div class=\"e-con-inner\">\n\t\t\t\t<div class=\"elementor-element elementor-element-03306fa elementor-widget elementor-widget-spacer\" data-id=\"03306fa\" data-element_type=\"widget\" data-e-type=\"widget\" data-settings=\"{&quot;htmega_fe&quot;:&quot;no&quot;}\" data-widget_type=\"spacer.default\">\n\t\t\t\t\t\t\t<div class=\"elementor-spacer\">\n\t\t\t<div class=\"elementor-spacer-inner\"><\/div>\n\t\t<\/div>\n\t\t\t\t\t\t<\/div>\n\t\t\t\t\t<\/div>\n\t\t\t\t<\/div>\n\t\t\t\t<\/div>\n\t\t","protected":false},"excerpt":{"rendered":"<p>Notre \u00e9quipe oeuvre pour s\u00e9lectionner un logement selon les crit\u00e8res du salari\u00e9 et s&#8217;assurer qu&#8217;il pourra rapidement s&#8217;int\u00e9grer dans son nouvel environnement. Prise en charge adapt\u00e9e et personnalis\u00e9e\u00a0 Pr\u00e9sentation de la r\u00e9gion et de la ville d\u2019accueil Constitution du dossier locataire Recherche et s\u00e9lection des biens Visite des biens s\u00e9lectionn\u00e9s : visio ou pr\u00e9sentiel Pr\u00e9sentation [&hellip;]<\/p>\n","protected":false},"author":1,"featured_media":0,"parent":0,"menu_order":0,"comment_status":"closed","ping_status":"closed","template":"elementor_theme","meta":{"footnotes":""},"class_list":["post-122","page","type-page","status-publish","hentry"],"_links":{"self":[{"href":"https:\/\/capazurmobilite.com\/index.php?rest_route=\/wp\/v2\/pages\/122","targetHints":{"allow":["GET"]}}],"collection":[{"href":"https:\/\/capazurmobilite.com\/index.php?rest_route=\/wp\/v2\/pages"}],"about":[{"href":"https:\/\/capazurmobilite.com\/index.php?rest_route=\/wp\/v2\/types\/page"}],"author":[{"embeddable":true,"href":"https:\/\/capazurmobilite.com\/index.php?rest_route=\/wp\/v2\/users\/1"}],"replies":[{"embeddable":true,"href":"https:\/\/capazurmobilite.com\/index.php?rest_route=%2Fwp%2Fv2%2Fcomments&post=122"}],"version-history":[{"count":80,"href":"https:\/\/capazurmobilite.com\/index.php?rest_route=\/wp\/v2\/pages\/122\/revisions"}],"predecessor-version":[{"id":638,"href":"https:\/\/capazurmobilite.com\/index.php?rest_route=\/wp\/v2\/pages\/122\/revisions\/638"}],"wp:attachment":[{"href":"https:\/\/capazurmobilite.com\/index.php?rest_route=%2Fwp%2Fv2%2Fmedia&parent=122"}],"curies":[{"name":"wp","href":"https:\/\/api.w.org\/{rel}","templated":true}]}}